n 66 is divided by z.
15
Let p(b) = -b**3 + 5*b**2 - 2*b + 4. Let q be p(4). Suppose 6*a - q*a = -318. Calculate the remainder when a is divided by 27.
26
Let v = 357 + -255. Let x be v/15 + 5/25. What is the remainder when 5 is divided by (-3 - 1)*(-8 + x)?
1
Suppose -50*u + 57*u - 2058 = 0. What is the remainder when u is divided by 60?
54
Suppose -4*p = 3*v - 151 + 131, p = 2*v - 28. What is the remainder when 22 is divided by v?
10
Let s(x) = x**3 - 2*x**2 - 15*x - 1. Let y = 30 + 18. What is the remainder when s(7) is divided by y?
43
Suppose 5*q - 4*q = 131. What is the remainder when q is divided by 12?
11
Let l = 150 + -106. Let r(n) = 87*n**3 - n**2 + 2*n - 1. What is the remainder when r(1) is divided by l?
43
Let g(d) = -d**3 + 13*d**2 + 4*d - 27. What is the remainder when 121 is divided by g(13)?
21
Suppose 0 = 19*z - 12*z - 147. Suppose -m = -2, -5*m = -3*o - 2*m + z. What is the remainder when 43 is divided by o?
7
Let r = 419 - 257. Suppose x - 29 = -3*s + 5*x, 2*s = 2*x + 20. What is the remainder when r is divided by s?
8
Let m(t) = -t**2 - 6*t - 1. Let o be m(-5). Suppose o*i - 62 = -3*g, -2*i - 5 = -3*g + 27. Let s = 10 + 15. What is the remainder when s is divided by g?
11
Suppose 3*y = -4*x + 24, -2*x - y = -2 - 8. Let l(j) = j**3 - j**2 - 8*j + 10. Calculate the remainder when l(3) is divided by x.
1
Let m = -40 - -69. Suppose q - m - 13 = -5*f, 82 = 3*q + 4*f. What is the remainder when q is divided by 5?
2
Let s be (2 + -8)/(-1 + -1). Suppose -13 = -r + s*b, -5*b = -2*r + 34 - 11. What is the remainder when 19 is divided by r?
3
Suppose 3*i - 131 = -3*z + 61, -i + 2*z = -61. Suppose -a - 4*p + 40 = -1, -3*a + i = -3*p. What is the remainder when 99 is divided by a?
24
Let x = -2 + 2. Suppose -y = -x + 2. Let f(o) = -3*o + 2. What is the remainder when 29 is divided by f(y)?
5
Let c be (-3)/(-1) + (6 - -1). Let u be 5/(c/(-4)) - -155. Suppose 4*g = 3*a - g - u, 4*g = -2*a + 102. What is the remainder when a is divided by 13?
12
Suppose -2*r = r - 60. Suppose 48 = 12*m + 12. Suppose 52 + 318 = 5*v - 5*z, 2*z + 226 = m*v. What is the remainder when v is divided by r?
18
What is the remainder when 41 is divided by ((-5)/(-10))/((-7)/(-14))?
0
Let j(i) = -i**3 - i**2 - 2*i - 1. Let s be j(-2). Let a = 9 - s. Suppose c = -c + 3*g + 62, -c + 38 = a*g. What is the remainder when c is divided by 12?
10
Let r = 0 - -4. Suppose 3*i + r*f - 155 = 0, 5*i - 45 = 3*f + 252. What is the remainder when i is divided by 20?
17
Let k = 56 - 3. Let p(m) = 15*m**2 - 2*m + 1. Calculate the remainder when k is divided by p(1).
11
Let m = -24 - -34. Let x be (108/(-30))/((-3)/m). What is the remainder when (-9)/((x/8)/(-1)) is divided by 3?
0
Let w = 242 + -138. Suppose -4*p = -4*q + p + w, -5*q - 2*p = -163. What is the remainder when q is divided by 8?
7
Let d be (13185/2)/15 + 1/2. Suppose -13*g = 102 - d. What is the remainder when 48 is divided by g?
22
Calculate the remainder when 21703/(-44)*(6/(-6) + -3) is divided by 94.
93
Suppose -9 = c - 4*c. Suppose c*g = 3*x + 4 - 34, -5*g + 2 = -x. Calculate the remainder when (-5)/25*-244 + 1/5 is divided by x.
10
Suppose 9*a = 4*a + 75. Let z(d) = 16*d**2 + 156*d + 19. What is the remainder when z(-10) is divided by a?
14
Let p = 19 + -16. Suppose -h = s - 25, 3*s - 33 = 4*h - 147. What is the remainder when h is divided by (-5)/(-15)*p*10?
7
Let t(q) = -5*q + 24. Let n be t(0). Suppose -11*h + 14*h = n. Calculate the remainder when 15 is divided by h.
7
Let m(g) = 4*g**2 + 3*g + 2. Let s be m(-1). Suppose -3 = -s*a, -2*h - 3*a = -177 - 14. What is the remainder when h is divided by 24?
22
Let p(k) = 59*k - 1. Let z be p(-1). Let j be 3/(6/(-4)) + (100 - -5). Let b = z + j. Calculate the remainder when b is divided by 22.
21
Let n = 61 - -41. Let u = n - 47. Calculate the remainder when u is divided by 14.
13
Let s be (-9)/5*40/(-12). Let y = s - -7. Let q = -31 - -66. Calculate the remainder when q is divided by y.
9
Calculate the remainder when 201 is divided by (-2)/(-3)*(63/9 + 158).
91
Let h(c) = -2*c**2 + 7*c - 4. Let v be h(3). Let s = 12 + v. Calculate the remainder when 29 is divided by s.
7
Suppose -5*l - 5*s + 60 = -15, 21 = l + 3*s. Calculate the remainder when 322 is divided by l.
10
Let i = -1460 + 1495. Calculate the remainder when 139 is divided by i.
34
Let w be 12/66 + (-128)/(-22). Suppose -11 - w = -m. Let t = 10 + m. Calculate the remainder when 105 is divided by t.
24
Let x(l) = l**3 - 46*l**2 - l + 60. Calculate the remainder when 474 is divided by x(46).
12
Suppose 16*f - 3811 = 6989. What is the remainder when f is divided by 85?
80
Suppose 0 = w + w + 4. Let j be 14 + -9 - 0/w. Suppose 4*s = -j*i + 6, 0 = 3*i + 2*i + 10. What is the remainder when 10 is divided by s?
2
Let a(l) = 8*l - 64. Let m be a(8). Suppose -g - c = m, -2*c - 10 = -g + 5. What is the remainder when 38 is divided by g?
3
Let j = -71 - -103. Suppose 33*d = j*d + 4. Calculate the remainder when 15 is divided by d.
3
Suppose -5*d = -3*x + 101, -2*x + 5*d = d - 70. What is the remainder when x is divided by (9/4)/((-6)/(-16))?
3
Let j = 248 + -228. What is the remainder when 33 is divided by j?
13
Let d be 2/2*(-1 - -1). Suppose 3*c - 4*x - 143 = d, -x + 0*x = -2*c + 87. Calculate the remainder when c is divided by 22.
19
Suppose z = 0, 0 = -5*v + 4*z + 5 - 40. Let q be 1/7 + (-202)/v. Let k = -27 + q. What is the remainder when 9 is divided by k?
1
Let i = -1 + 2. Let p(q) = 15*q**2 + 2*q - 1. What is the remainder when 28 is divided by p(i)?
12
Let z(y) = 2*y**2 - 20*y + 2. Let u be z(10). Suppose -3 = -3*q, -4*p - u*q + 44 = -2*p. Let d = 114 + -54. What is the remainder when d is divided by p?
18
Let v(x) = x**2 - 6*x + 8. Let k be v(4). What is the remainder when k + 75 + -1 - -1 is divided by 26?
23
Suppose -2*b - 3*b = 5*p - 130, -106 = -4*p - 2*b. What is the remainder when 105 is divided by p?
24
Suppose 9*p = 12*p - 156. What is the remainder when p is divided by 28?
24
Let s(v) = -13*v + 4. Suppose 3*j + 1 + 74 = 0. Let y = 40 + j. What is the remainder when s(-4) is divided by y?
11
Suppose -5*w - 2*u + 525 = 0, -3*w + 0*u + 315 = 2*u. What is the remainder when w is divided by 17/34*12/18*111?
31
Suppose -5*x + 20 = -x. Suppose f = -x + 27. Suppose -4*c = -5 - 19. What is the remainder when f is divided by c?
4
Suppose 0 = 3*u - u + 5*j + 295, 2*j - 316 = 2*u. Let t = u - -268. What is the remainder when t is divided by 23?
21
Suppose 0 = -20*v - 2203 + 6363. What is the remainder when v is divided by 70?
68
Let m = 26 - 30. Let b(o) = -o**2 - 5*o + 1. Let n be b(m). Suppose -c + 69 = -2*q, 3*c - 90 = n*q + 112. Calculate the remainder when c is divided by 12.
11
Suppose 0 = 4*z - 2*w - 11 - 7, 7 = z - 3*w. What is the remainder when 100 is divided by z?
0
Let q be 1/2 + 18/12. Let k be (-19)/q*8/(-4). Calculate the remainder when k/(3 + 16/(-6)) is divided by 15.
12
Suppose r - 13 = -2*s, -6*s + s + 70 = 5*r. Let y = 27 - 24. Suppose 4*l - 128 = -4*v, l - y = 2. Calculate the remainder when v is divided by r.
12
Suppose 0 = -c - 2*g + 34, 0 = c - 5*g + 4*g - 25. Suppose 3*a + c = 7*a. Calculate the remainder when a is divided by 198/63 + (-5)/35.
1
Let l(y) = -y + 3. Let r be l(-14). Let i = 22 - r. Suppose -i*h - 2*v = -3*h - 92, 4*h = 5*v + 139. What is the remainder when h is divided by 14?
13
Let q(r) = r - 7. Let w be q(9). What is the remainder when 66 is divided by (-34)/w*2/(-4 + 2)?
15
Let w(z) = 6*z**3 + 4*z**2 - z - 3. What is the remainder when 114 is divided by w(2)?
55
Let i(g) = -g - 3. Let s(p) = -p - 4. Let z(u) = 4*i(u) - 5*s(u). What is the remainder when 36 is divided by z(13)?
15
Let a(s) = 29*s**2 + 31*s - 123. Calculate the remainder when a(5) is divided by 33.
31
Suppose 22*t = -0*t + 2222. Calculate the remainder when t is divided by 73.
28
Let l = 91 + 7. What is the remainder when l is divided by -33*(0 - (2 + -1))?
32
Let b(a) = 8*a**2 + 37*a + 24. Calculate the remainder when b(-8) is divided by 22.
20
Let x = 247 - 218. What is the remainder when 86 is divided by x?
28
Let r(t) = 74*t - 452. What is the remainder when r(9) is divided by 69?
7
Let w = -9 - -19. What is the remainder when (11 + -10)/(-2*6/(-708)) is divided by w?
9
Suppose g - 2*i - 13 = 